 of 68032196 and 1184?
148
Calculate the greatest common factor of 5987433 and 93.
93
Calculate the greatest common divisor of 11826 and 3132138.
438
Calculate the greatest common factor of 31741752 and 3.
3
Calculate the greatest common divisor of 939324 and 1416.
12
Calculate the highest common divisor of 502902499 and 121.
121
Calculate the highest common factor of 296 and 18381256.
8
Calculate the highest common factor of 500895 and 163170.
45
Calculate the highest common factor of 35592 and 25344.
24
What is the highest common divisor of 3932753 and 2945?
589
Calculate the greatest common factor of 5447 and 38051.
13
Calculate the highest common factor of 5502 and 69.
3
What is the highest common factor of 30 and 256790?
10
Calculate the greatest common divisor of 12 and 5232152.
4
What is the highest common factor of 630483 and 133?
7
Calculate the greatest common factor of 1944 and 8402616.
648
What is the highest common divisor of 474790 and 236794?
1202
What is the highest common factor of 3204062 and 8869?
181
What is the greatest common divisor of 2499 and 4173568?
119
What is the highest common divisor of 156376 and 38016?
88
Calculate the highest common factor of 324824169 and 93.
93
Calculate the greatest common divisor of 996333 and 69738.
177
What is the highest common factor of 6216 and 127579848?
888
What is the greatest common divisor of 27583851 and 642?
321
What is the highest common divisor of 213 and 56016?
3
What is the highest common factor of 19390 and 29810186?
3878
Calculate the highest common factor of 13193 and 46847.
79
Calculate the highest common divisor of 455740 and 96540.
20
What is the highest common divisor of 30 and 39973158?
6
Calculate the greatest common divisor of 516035288 and 19.
19
What is the highest common divisor of 325 and 131391?
13
Calculate the greatest common factor of 1200 and 41083536.
48
What is the greatest common factor of 5400 and 2627050?
50
Calculate the highest common divisor of 1400852063 and 689.
689
Calculate the highest common factor of 2711199 and 2172.
543
What is the greatest common factor of 23976 and 1388664?
648
What is the greatest common divisor of 13655 and 2140?
5
Calculate the highest common divisor of 178496523 and 27.
9
Calculate the greatest common divisor of 16081 and 42692.
13
What is the highest common divisor of 416 and 4327073504?
416
Calculate the greatest common divisor of 4739 and 9521328.
677
Calculate the highest common divisor of 10559076 and 1333536.
5748
What is the highest common divisor of 958485746 and 9442?
9442
What is the greatest common factor of 34 and 5687428?
2
What is the highest common divisor of 3730775 and 41080?
395
What is the highest common factor of 9074762 and 39694?
446
Calculate the highest common factor of 7904 and 16419325.
247
Calculate the greatest common factor of 13257755 and 105.
35
Calculate the greatest common factor of 1326 and 56388558.
102
Calculate the greatest common factor of 46361 and 6652177.
1253
Calculate the greatest common factor of 171039 and 38181.
33
Calculate the highest common divisor of 272578168 and 41.
41
Calculate the greatest common divisor of 2096282 and 1302.
62
Calculate the highest common divisor of 120258 and 10694700.
918
What is the highest common divisor of 874 and 339972890?
874
What is the greatest common factor of 40800 and 6139680?
480
Calculate the greatest common factor of 46332322 and 51936.
1082
What is the highest common divisor of 17088 and 803580?
12
Calculate the highest common factor of 33631938 and 16530.
3306
What is the highest common factor of 14823 and 1533816?
243
What is the highest common divisor of 1428 and 4477368?
84
Calculate the greatest common divisor of 724024296 and 6.
6
Calculate the greatest common divisor of 110100 and 8115.
15
What is the highest common factor of 132 and 2144568?
12
What is the highest common factor of 11898195 and 1541?
67
What is the greatest common divisor of 12865936 and 666?
74
Calculate the highest common factor of 21 and 56715267.
21
What is the greatest common factor of 1125 and 3489975?
225
What is the highest common divisor of 297724744 and 496?
248
Calculate the highest common divisor of 2195838 and 31476.
258
What is the greatest common factor of 2162016 and 1592?
8
What is the greatest common factor of 11886456 and 36?
12
What is the greatest common divisor of 49525 and 3997350?
175
What is the highest common divisor of 2653766 and 3608?
82
Calculate the greatest common divisor of 90 and 24274030.
10
Calculate the highest common divisor of 14290029 and 117.
117
What is the highest common divisor of 1673015 and 55?
5
What is the highest common divisor of 78 and 20154927?
39
Calculate the greatest common divisor of 691 and 580765461.
691
Calculate the highest common factor of 276 and 1600548.
12
Calculate the highest common factor of 18690 and 4451335.
3115
What is the greatest common factor of 390 and 40460880?
30
Calculate the greatest common divisor of 35490566 and 4090.
818
Calculate the highest common factor of 3384755 and 13034.
19
What is the greatest common factor of 6945774 and 528?
66
What is the highest common factor of 500 and 45421900?
100
What is the greatest common divisor of 1432529 and 2331?
259
What is the greatest common factor of 1194058920 and 1124?
1124
Calculate the highest common divisor of 41794750 and 25850.
2350
What is the highest common divisor of 3008299 and 38643?
1171
Calculate the highest common factor of 305045 and 17537.
247
What is the highest common divisor of 1727 and 417586873?
1727
What is the greatest common factor of 12 and 27917352?
12
What is the highest common divisor of 1740 and 861184?
116
Calculate the highest common divisor of 3458 and 4930576.
266
What is the greatest common factor of 11995511 and 814?
407
What is the highest common factor of 167786 and 7175778?
3902
What is the greatest common divisor of 213330 and 261768?
78
Calculate the greatest common factor of 3289 and 35833057.
299
What is the highest common divisor of 8843763 and 12501?
1389
Calculate the highest common divisor of 208005 and 69090.
735
Calculate the highest common divisor of 2267628 and 948.
12
What is the highest common factor of 621 and 1622351?
23
Calculate the highest common divisor of 5244 and 5251866.
2622
What is the highest common divisor of 657 and 252058050?
657
Calculate the highest common divisor of 2087709 and 37810.
199
What is the highest common divisor of 23535888 and 1224?
408
Calculate the highest common factor of 32788 and 30744.
28
What is the greatest common divisor of 8260 and 584690?
590
What is the greatest common divisor of 1528 and 49905817?
191
What is the highest common divisor of 30 and 21375282?
6
Calculate the greatest common factor of 5084 and 1672103.
41
Calculate the greatest common factor of 1605 and 6591637095.
1605
Calculate the highest common factor of 56371483 and 4856.
607
Calculate the greatest common divisor of 2202 and 5315628.
2202
What is the greatest common factor of 177110 and 515410?
1990
What is the greatest common divisor of 110 and 13538954?
22
What is the highest common factor of 6326657 and 359?
359
Calculate the greatest common factor of 9483240 and 179400.
1560
What is the highest common factor of 960 and 3387840?
960
What is the highest common factor of 629 and 4063?
17
What is the highest common divisor of 1428 and 24726891?
357
Calculate the highest common factor of 32409534 and 13902.
1986
What is the greatest common factor of 43555 and 204568?
281
Calculate the highest common factor of 15102920 and 770.
70
What is the highest common factor of 803 and 5069412?
73
What is the greatest common factor of 36225 and 157504851?
1449
What is the highest common divisor of 345 and 68793?
69
What is the greatest common divisor of 148101 and 2856?
3
Calculate the greatest common divisor of 96767 and 1360757.
463
Calculate the greatest common divisor of 41627500 and 480.
20
What is the greatest common divisor of 42198 and 33553902?
3246
Calculate the highest common divisor of 680 and 8884760.
40
Calculate the highest common divisor of 14062713 and 3444.
861
What is the highest common factor of 2825075 and 1925?
275
Calculate the highest common factor of 1376 